{"id":3,"date":"2025-06-16T20:59:35","date_gmt":"2025-06-16T20:59:35","guid":{"rendered":"https:\/\/totaleoffensive-bvb09.de\/wordpress\/?page_id=3"},"modified":"2026-04-01T06:15:28","modified_gmt":"2026-04-01T06:15:28","slug":"privacy-policy","status":"publish","type":"page","link":"https:\/\/totaleoffensive-bvb09.de\/wordpress\/index.php\/privacy-policy\/","title":{"rendered":"Datenschutz"},"content":{"rendered":"\n<hr class=\"wp-block-separator has-alpha-channel-opacity\"\/>\n\n\n\n<hr class=\"wp-block-separator has-alpha-channel-opacity\"\/>\n\n\n\n<h1 class=\"wp-block-heading is-style-default has-x-large-font-size\">Datenschutz<\/h1>\n\n\n\n<hr class=\"wp-block-separator has-alpha-channel-opacity\"\/>\n\n\n\n<div class=\"wp-block-group has-base-color has-text-color has-link-color wp-elements-335f6b64ab1d2ca0f1092f557714bc08 is-vertical is-layout-flex wp-container-core-group-is-layout-fe9cc265 wp-block-group-is-layout-flex\">\n<div class=\"wp-block-group has-global-padding is-layout-constrained wp-block-group-is-layout-constrained\">\n<h2 class=\"wp-block-heading has-medium-font-size\">Wer wir sind<\/h2>\n\n\n\n<p class=\"has-base-color has-text-color has-link-color has-small-font-size wp-elements-2466ba71973bfb37b30f0bf8af093631\">Die Adresse unserer Website ist: https:\/\/totaleoffensive-bvb09.de <\/p>\n\n\n\n<p class=\"has-base-color has-text-color has-link-color has-small-font-size wp-elements-e96056fe39cee27d9f9cf3af40be94dd\"><strong>Totale Offensive BVB 09 e.V.<\/strong><\/p>\n\n\n\n<p class=\"has-base-color has-text-color has-link-color has-small-font-size wp-elements-bdf40128709510d33e3200954286f782\">Hirtenstr. 2, 44145 Dortmund<\/p>\n\n\n\n<p class=\"has-base-color has-text-color has-link-color has-small-font-size wp-elements-812220fec9f77f96dfc61ad4370f0153\">Postanschrift:<\/p>\n\n\n\n<p class=\"has-base-color has-text-color has-link-color has-small-font-size wp-elements-ddfec4539cd50c86952f0f9e803d6504\"><strong>Totale Offensive BVB 09 e.V. <\/strong><\/p>\n\n\n\n<p class=\"has-base-color has-text-color has-link-color has-small-font-size wp-elements-3e153e25e3523b3a8f8fbd2985131be3\">c\/o Dirk Haslinde, Swolinzkystr. 9, 58135 Hagen<\/p>\n\n\n\n<p class=\"has-base-color has-text-color has-link-color has-small-font-size wp-elements-a68620cb1e9ab9278b59e84f0a6ca5f7\"><br><br><a href=\"mailto:mail@totaleoffensive-bvb09.de\">mail(\u00e4t)to-bvb.de<\/a><\/p>\n\n\n\n<p class=\"has-base-color has-text-color has-link-color has-small-font-size wp-elements-b168f4667ec1701381521bff34304c5d\"><a href=\"http:\/\/www.to-bvb.de\/\">www.to-bvb.de<\/a><\/p>\n\n\n\n<p class=\"has-base-color has-text-color has-link-color has-small-font-size wp-elements-fe6816446f92d78b79d0df5a3ed5eb15\"><strong>Vorstand<\/strong>: Dirk Haslinde, Oliver R\u00f6mer, Addi Kraushaar<\/p>\n\n\n\n<p class=\"has-base-color has-text-color has-link-color has-small-font-size wp-elements-06d3efff5de48b41c058212630c7605a\"><strong>Vereinsregister:<\/strong>&nbsp;VR 6319 Amtsgericht Dortmund<\/p>\n\n\n\n<p class=\"has-base-color has-text-color has-link-color has-small-font-size wp-elements-29b0075f49dcd0a6f8c9901f51aa6a5c\">Kontoverbindung: DE51452604750015349600&nbsp; bei der SKB<\/p>\n\n\n\n<p class=\"has-base-color has-text-color has-link-color has-small-font-size wp-elements-2b41d40225ab20ef184780db3c8b9f6b\"><strong>Verantwortlich f\u00fcr Inhalt<\/strong>: Oliver R\u00f6mer<\/p>\n\n\n\n<p class=\"has-small-font-size\"><strong>Haftungsausschluss<\/strong>:<\/p>\n\n\n\n<p class=\"has-base-color has-text-color has-link-color has-small-font-size wp-elements-1d391ca9920d072f1c8b0b91d5cdc271\"><strong>Totale Offensive BVB 09 e.V.&nbsp;<\/strong>\u00fcbernimmt keine Verantwortung f\u00fcr die Inhalte verlinkter Seiten<\/p>\n\n\n\n<hr class=\"wp-block-separator has-alpha-channel-opacity\"\/>\n\n\n\n<h2 class=\"wp-block-heading has-medium-font-size\">Kommentare<\/h2>\n\n\n\n<p class=\"has-base-color has-text-color has-link-color has-small-font-size wp-elements-9add2452016d679ff4b9fc615b632620\">Wenn Besucher Kommentare auf der Website schreiben, sammeln wir die Daten, die im Kommentar-Formular angezeigt werden, au\u00dferdem die IP-Adresse des Besuchers und den User-Agent-String (damit wird der Browser identifiziert), um die Erkennung von Spam zu unterst\u00fctzen.<\/p>\n\n\n\n<p class=\"has-base-color has-text-color has-link-color has-small-font-size wp-elements-00e5389283833cedeb525c0a16b2109b\">Aus deiner E-Mail-Adresse kann eine anonymisierte Zeichenfolge erstellt (auch Hash genannt) und dem Gravatar-Dienst \u00fcbergeben werden, um zu pr\u00fcfen, ob du diesen benutzt. Die Datenschutzerkl\u00e4rung des Gravatar-Dienstes findest du hier: https:\/\/automattic.com\/privacy\/. Nachdem dein Kommentar freigegeben wurde, ist dein Profilbild \u00f6ffentlich im Kontext deines Kommentars sichtbar.<\/p>\n\n\n\n<h2 class=\"wp-block-heading has-medium-font-size\">Medien<\/h2>\n\n\n\n<p class=\"has-base-color has-text-color has-link-color has-small-font-size wp-elements-fa78ea6e07ea4ac7d7aef65a0c6f49d7\">Wenn du ein registrierter Benutzer bist und Fotos auf diese Website l\u00e4dst, solltest du vermeiden, Fotos mit einem EXIF-GPS-Standort hochzuladen. Besucher dieser Website k\u00f6nnten Fotos, die auf dieser Website gespeichert sind, herunterladen und deren Standort-Informationen extrahieren.<\/p>\n\n\n\n<h2 class=\"wp-block-heading has-medium-font-size\">Cookies<\/h2>\n\n\n\n<p class=\"has-base-color has-text-color has-link-color has-small-font-size wp-elements-d9d50f930e1b48f749723d6eefd80c7f\">Wenn du einen Kommentar auf unserer Website schreibst, kann das eine Einwilligung sein, deinen Namen, E-Mail-Adresse und Website in Cookies zu speichern. Dies ist eine Komfortfunktion, damit du nicht, wenn du einen weiteren Kommentar schreibst, all diese Daten erneut eingeben musst. Diese Cookies werden ein Jahr lang gespeichert.<\/p>\n\n\n\n<p class=\"has-base-color has-text-color has-link-color has-small-font-size wp-elements-8ebfb432baeac05e369f1dfcec62b87e\">Falls du ein Konto hast und dich auf dieser Website anmeldest, werden wir ein tempor\u00e4res Cookie setzen, um festzustellen, ob dein Browser Cookies akzeptiert. Dieses Cookie enth\u00e4lt keine personenbezogenen Daten und wird verworfen, wenn du deinen Browser schlie\u00dft.<\/p>\n\n\n\n<p class=\"has-base-color has-text-color has-link-color has-small-font-size wp-elements-6670bcde11f09c5f3d54f1e9d62710bb\">Wenn du dich anmeldest, werden wir einige Cookies einrichten, um deine Anmeldeinformationen und Anzeigeoptionen zu speichern. Anmelde-Cookies verfallen nach zwei Tagen und Cookies f\u00fcr die Anzeigeoptionen nach einem Jahr. Falls du bei der Anmeldung \u201eAngemeldet bleiben\u201c ausw\u00e4hlst, wird deine Anmeldung zwei Wochen lang aufrechterhalten. Mit der Abmeldung aus deinem Konto werden die Anmelde-Cookies gel\u00f6scht.<\/p>\n\n\n\n<p class=\"has-base-color has-text-color has-link-color has-small-font-size wp-elements-01f445a8d55d61785acc8fe6ea65fbad\">Wenn du einen Artikel bearbeitest oder ver\u00f6ffentlichst, wird ein zus\u00e4tzlicher Cookie in deinem Browser gespeichert. Dieser Cookie enth\u00e4lt keine personenbezogenen Daten und verweist nur auf die Beitrags-ID des Artikels, den du gerade bearbeitet hast. Der Cookie verf\u00e4llt nach einem Tag.<\/p>\n\n\n\n<h2 class=\"wp-block-heading has-medium-font-size\">Eingebettete Inhalte von anderen Websites<\/h2>\n\n\n\n<p class=\"has-base-color has-text-color has-link-color has-small-font-size wp-elements-954ae6a78738d08465701168d4a1c1a7\">Beitr\u00e4ge auf dieser Website k\u00f6nnen eingebettete Inhalte beinhalten (z.&nbsp;B. Videos, Bilder, Beitr\u00e4ge etc.). Eingebettete Inhalte von anderen Websites verhalten sich exakt so, als ob der Besucher die andere Website besucht h\u00e4tte.<\/p>\n\n\n\n<p class=\"has-base-color has-text-color has-link-color has-small-font-size wp-elements-1d1a8f45e9465fa2d3e22b6659726f46\">Diese Websites k\u00f6nnen Daten \u00fcber dich sammeln, Cookies benutzen, zus\u00e4tzliche Tracking-Dienste von Dritten einbetten und deine Interaktion mit diesem eingebetteten Inhalt aufzeichnen, inklusive deiner Interaktion mit dem eingebetteten Inhalt, falls du ein Konto hast und auf dieser Website angemeldet bist.<\/p>\n\n\n\n<h2 class=\"wp-block-heading has-medium-font-size\">Mit wem wir deine Daten teilen<\/h2>\n\n\n\n<p class=\"has-base-color has-text-color has-link-color has-small-font-size wp-elements-c498eb27dcb4cbbc514154a5cc06a5d9\">Wenn du eine Zur\u00fccksetzung des Passworts beantragst, wird deine IP-Adresse in der E-Mail zur Zur\u00fccksetzung enthalten sein.<\/p>\n\n\n\n<h2 class=\"wp-block-heading has-medium-font-size\">Wie lange wir deine Daten speichern<\/h2>\n\n\n\n<p class=\"has-base-color has-text-color has-link-color has-small-font-size wp-elements-7c4a7030a3795a19908dbbc96a642746\">Wenn du einen Kommentar schreibst, wird dieser inklusive Metadaten zeitlich unbegrenzt gespeichert. Auf diese Art k\u00f6nnen wir Folgekommentare automatisch erkennen und freigeben, anstatt sie in einer Moderations-Warteschlange festzuhalten.<\/p>\n\n\n\n<p class=\"has-base-color has-text-color has-link-color has-small-font-size wp-elements-93ec732ad4f42ebd0b1af7f652a0f9b0\">F\u00fcr Benutzer, die sich auf unserer Website registrieren, speichern wir zus\u00e4tzlich die pers\u00f6nlichen Informationen, die sie in ihren Benutzerprofilen angeben. Alle Benutzer k\u00f6nnen jederzeit ihre pers\u00f6nlichen Informationen einsehen, ver\u00e4ndern oder l\u00f6schen (der Benutzername kann nicht ver\u00e4ndert werden). Administratoren der Website k\u00f6nnen diese Informationen ebenfalls einsehen und ver\u00e4ndern.<\/p>\n\n\n\n<h2 class=\"wp-block-heading has-medium-font-size\">Welche Rechte du an deinen Daten hast<\/h2>\n\n\n\n<p class=\"has-base-color has-text-color has-link-color has-small-font-size wp-elements-e7637c22a0bc2c2836d3ca3015210a67\">Wenn du ein Konto auf dieser Website besitzt oder Kommentare geschrieben hast, kannst du einen Export deiner personenbezogenen Daten bei uns anfordern, inklusive aller Daten, die du uns mitgeteilt hast. Dar\u00fcber hinaus kannst du die L\u00f6schung aller personenbezogenen Daten, die wir von dir gespeichert haben, anfordern. Dies umfasst nicht die Daten, die wir aufgrund administrativer, rechtlicher oder sicherheitsrelevanter Notwendigkeiten aufbewahren m\u00fcssen.<\/p>\n\n\n\n<h2 class=\"wp-block-heading has-medium-font-size\">Wohin deine Daten gesendet werden<\/h2>\n\n\n\n<p class=\"has-base-color has-text-color has-link-color has-small-font-size wp-elements-49d8b4e3446ad6b639d9c26e42814446\">Besucher-Kommentare k\u00f6nnten von einem automatisierten Dienst zur Spam-Erkennung untersucht werden.<\/p>\n<\/div>\n<\/div>\n\n\n\n<hr class=\"wp-block-separator has-alpha-channel-opacity\"\/>\n","protected":false},"excerpt":{"rendered":"<p>Datenschutz Wer wir sind Die Adresse unserer Website ist: https:\/\/totaleoffensive-bvb09.de Totale Offensive BVB 09 e.V. Hirtenstr. 2, 44145 Dortmund Postanschrift: Totale Offensive BVB 09 e.V. c\/o Dirk Haslinde, Swolinzkystr. 9, 58135 Hagen mail(\u00e4t)to-bvb.de www.to-bvb.de Vorstand: Dirk Haslinde, Oliver R\u00f6mer, Addi Kraushaar Vereinsregister:&nbsp;VR 6319 Amtsgericht Dortmund Kontoverbindung: DE51452604750015349600&nbsp; bei der SKB Verantwortlich f\u00fcr Inhalt: Oliver R\u00f6mer [&hellip;]<\/p>\n","protected":false},"author":1,"featured_media":0,"parent":0,"menu_order":0,"comment_status":"closed","ping_status":"closed","template":"","meta":{"footnotes":""},"class_list":["post-3","page","type-page","status-publish","hentry"],"yoast_head":"<!-- This site is optimized with the Yoast SEO plugin v27.3 - https:\/\/yoast.com\/product\/yoast-seo-wordpress\/ -->\n<title>Datenschutz - Totale Offensive BVB 09 e.V.<\/title>\n<meta name=\"robots\" content=\"index, follow, max-snippet:-1, max-image-preview:large, max-video-preview:-1\" \/>\n<link rel=\"canonical\" href=\"https:\/\/totaleoffensive-bvb09.de\/wordpress\/index.php\/privacy-policy\/\" \/>\n<meta property=\"og:locale\" content=\"de_DE\" \/>\n<meta property=\"og:type\" content=\"article\" \/>\n<meta property=\"og:title\" content=\"Datenschutz - Totale Offensive BVB 09 e.V.\" \/>\n<meta property=\"og:description\" content=\"Datenschutz Wer wir sind Die Adresse unserer Website ist: https:\/\/totaleoffensive-bvb09.de Totale Offensive BVB 09 e.V. Hirtenstr. 2, 44145 Dortmund Postanschrift: Totale Offensive BVB 09 e.V. c\/o Dirk Haslinde, Swolinzkystr. 9, 58135 Hagen mail(\u00e4t)to-bvb.de www.to-bvb.de Vorstand: Dirk Haslinde, Oliver R\u00f6mer, Addi Kraushaar Vereinsregister:&nbsp;VR 6319 Amtsgericht Dortmund Kontoverbindung: DE51452604750015349600&nbsp; bei der SKB Verantwortlich f\u00fcr Inhalt: Oliver R\u00f6mer [&hellip;]\" \/>\n<meta property=\"og:url\" content=\"https:\/\/totaleoffensive-bvb09.de\/wordpress\/index.php\/privacy-policy\/\" \/>\n<meta property=\"og:site_name\" content=\"Totale Offensive BVB 09 e.V.\" \/>\n<meta property=\"article:publisher\" content=\"https:\/\/www.facebook.com\/tobvb\" \/>\n<meta property=\"article:modified_time\" content=\"2026-04-01T06:15:28+00:00\" \/>\n<meta name=\"twitter:card\" content=\"summary_large_image\" \/>\n<meta name=\"twitter:site\" content=\"@TO_BVB\" \/>\n<meta name=\"twitter:label1\" content=\"Gesch\u00e4tzte Lesezeit\" \/>\n\t<meta name=\"twitter:data1\" content=\"1\u00a0Minute\" \/>\n<script type=\"application\/ld+json\" class=\"yoast-schema-graph\">{\"@context\":\"https:\\\/\\\/schema.org\",\"@graph\":[{\"@type\":\"WebPage\",\"@id\":\"https:\\\/\\\/totaleoffensive-bvb09.de\\\/wordpress\\\/index.php\\\/privacy-policy\\\/\",\"url\":\"https:\\\/\\\/totaleoffensive-bvb09.de\\\/wordpress\\\/index.php\\\/privacy-policy\\\/\",\"name\":\"Datenschutz - Totale Offensive BVB 09 e.V.\",\"isPartOf\":{\"@id\":\"https:\\\/\\\/totaleoffensive-bvb09.de\\\/wordpress\\\/#website\"},\"datePublished\":\"2025-06-16T20:59:35+00:00\",\"dateModified\":\"2026-04-01T06:15:28+00:00\",\"breadcrumb\":{\"@id\":\"https:\\\/\\\/totaleoffensive-bvb09.de\\\/wordpress\\\/index.php\\\/privacy-policy\\\/#breadcrumb\"},\"inLanguage\":\"de\",\"potentialAction\":[{\"@type\":\"ReadAction\",\"target\":[\"https:\\\/\\\/totaleoffensive-bvb09.de\\\/wordpress\\\/index.php\\\/privacy-policy\\\/\"]}]},{\"@type\":\"BreadcrumbList\",\"@id\":\"https:\\\/\\\/totaleoffensive-bvb09.de\\\/wordpress\\\/index.php\\\/privacy-policy\\\/#breadcrumb\",\"itemListElement\":[{\"@type\":\"ListItem\",\"position\":1,\"name\":\"Startseite\",\"item\":\"https:\\\/\\\/totaleoffensive-bvb09.de\\\/wordpress\\\/\"},{\"@type\":\"ListItem\",\"position\":2,\"name\":\"Datenschutz\"}]},{\"@type\":\"WebSite\",\"@id\":\"https:\\\/\\\/totaleoffensive-bvb09.de\\\/wordpress\\\/#website\",\"url\":\"https:\\\/\\\/totaleoffensive-bvb09.de\\\/wordpress\\\/\",\"name\":\"Totale Offensive BVB 09 e.V.\",\"description\":\"christlicher Fanclub von Borussia Dortmund, fussball, christlich, fanclub, bvb 09, lebenshilfe, kostenlose \u00dcbertragung der BVB Spiele auf Gro\u00dfleinwand, familiengerecht, kein Alkoholausschank, gemeinsame Ausw\u00e4rtsfahrten\",\"publisher\":{\"@id\":\"https:\\\/\\\/totaleoffensive-bvb09.de\\\/wordpress\\\/#organization\"},\"potentialAction\":[{\"@type\":\"SearchAction\",\"target\":{\"@type\":\"EntryPoint\",\"urlTemplate\":\"https:\\\/\\\/totaleoffensive-bvb09.de\\\/wordpress\\\/?s={search_term_string}\"},\"query-input\":{\"@type\":\"PropertyValueSpecification\",\"valueRequired\":true,\"valueName\":\"search_term_string\"}}],\"inLanguage\":\"de\"},{\"@type\":\"Organization\",\"@id\":\"https:\\\/\\\/totaleoffensive-bvb09.de\\\/wordpress\\\/#organization\",\"name\":\"Totale Offensive BVB 09 e.V.\",\"url\":\"https:\\\/\\\/totaleoffensive-bvb09.de\\\/wordpress\\\/\",\"logo\":{\"@type\":\"ImageObject\",\"inLanguage\":\"de\",\"@id\":\"https:\\\/\\\/totaleoffensive-bvb09.de\\\/wordpress\\\/#\\\/schema\\\/logo\\\/image\\\/\",\"url\":\"https:\\\/\\\/i0.wp.com\\\/totaleoffensive-bvb09.de\\\/wordpress\\\/wp-content\\\/uploads\\\/2025\\\/06\\\/to-dortmund_logoFahne220811klein-1-1-scaled.jpg?fit=2560%2C1920&ssl=1\",\"contentUrl\":\"https:\\\/\\\/i0.wp.com\\\/totaleoffensive-bvb09.de\\\/wordpress\\\/wp-content\\\/uploads\\\/2025\\\/06\\\/to-dortmund_logoFahne220811klein-1-1-scaled.jpg?fit=2560%2C1920&ssl=1\",\"width\":2560,\"height\":1920,\"caption\":\"Totale Offensive BVB 09 e.V.\"},\"image\":{\"@id\":\"https:\\\/\\\/totaleoffensive-bvb09.de\\\/wordpress\\\/#\\\/schema\\\/logo\\\/image\\\/\"},\"sameAs\":[\"https:\\\/\\\/www.facebook.com\\\/tobvb\",\"https:\\\/\\\/x.com\\\/TO_BVB\",\"https:\\\/\\\/www.whatsapp.com\\\/channel\\\/0029VazcYec8V0tmZtS9TP3P\"]}]}<\/script>\n<!-- \/ Yoast SEO plugin. -->","yoast_head_json":{"title":"Datenschutz - Totale Offensive BVB 09 e.V.","robots":{"index":"index","follow":"follow","max-snippet":"max-snippet:-1","max-image-preview":"max-image-preview:large","max-video-preview":"max-video-preview:-1"},"canonical":"https:\/\/totaleoffensive-bvb09.de\/wordpress\/index.php\/privacy-policy\/","og_locale":"de_DE","og_type":"article","og_title":"Datenschutz - Totale Offensive BVB 09 e.V.","og_description":"Datenschutz Wer wir sind Die Adresse unserer Website ist: https:\/\/totaleoffensive-bvb09.de Totale Offensive BVB 09 e.V. Hirtenstr. 2, 44145 Dortmund Postanschrift: Totale Offensive BVB 09 e.V. c\/o Dirk Haslinde, Swolinzkystr. 9, 58135 Hagen mail(\u00e4t)to-bvb.de www.to-bvb.de Vorstand: Dirk Haslinde, Oliver R\u00f6mer, Addi Kraushaar Vereinsregister:&nbsp;VR 6319 Amtsgericht Dortmund Kontoverbindung: DE51452604750015349600&nbsp; bei der SKB Verantwortlich f\u00fcr Inhalt: Oliver R\u00f6mer [&hellip;]","og_url":"https:\/\/totaleoffensive-bvb09.de\/wordpress\/index.php\/privacy-policy\/","og_site_name":"Totale Offensive BVB 09 e.V.","article_publisher":"https:\/\/www.facebook.com\/tobvb","article_modified_time":"2026-04-01T06:15:28+00:00","twitter_card":"summary_large_image","twitter_site":"@TO_BVB","twitter_misc":{"Gesch\u00e4tzte Lesezeit":"1\u00a0Minute"},"schema":{"@context":"https:\/\/schema.org","@graph":[{"@type":"WebPage","@id":"https:\/\/totaleoffensive-bvb09.de\/wordpress\/index.php\/privacy-policy\/","url":"https:\/\/totaleoffensive-bvb09.de\/wordpress\/index.php\/privacy-policy\/","name":"Datenschutz - Totale Offensive BVB 09 e.V.","isPartOf":{"@id":"https:\/\/totaleoffensive-bvb09.de\/wordpress\/#website"},"datePublished":"2025-06-16T20:59:35+00:00","dateModified":"2026-04-01T06:15:28+00:00","breadcrumb":{"@id":"https:\/\/totaleoffensive-bvb09.de\/wordpress\/index.php\/privacy-policy\/#breadcrumb"},"inLanguage":"de","potentialAction":[{"@type":"ReadAction","target":["https:\/\/totaleoffensive-bvb09.de\/wordpress\/index.php\/privacy-policy\/"]}]},{"@type":"BreadcrumbList","@id":"https:\/\/totaleoffensive-bvb09.de\/wordpress\/index.php\/privacy-policy\/#breadcrumb","itemListElement":[{"@type":"ListItem","position":1,"name":"Startseite","item":"https:\/\/totaleoffensive-bvb09.de\/wordpress\/"},{"@type":"ListItem","position":2,"name":"Datenschutz"}]},{"@type":"WebSite","@id":"https:\/\/totaleoffensive-bvb09.de\/wordpress\/#website","url":"https:\/\/totaleoffensive-bvb09.de\/wordpress\/","name":"Totale Offensive BVB 09 e.V.","description":"christlicher Fanclub von Borussia Dortmund, fussball, christlich, fanclub, bvb 09, lebenshilfe, kostenlose \u00dcbertragung der BVB Spiele auf Gro\u00dfleinwand, familiengerecht, kein Alkoholausschank, gemeinsame Ausw\u00e4rtsfahrten","publisher":{"@id":"https:\/\/totaleoffensive-bvb09.de\/wordpress\/#organization"},"potentialAction":[{"@type":"SearchAction","target":{"@type":"EntryPoint","urlTemplate":"https:\/\/totaleoffensive-bvb09.de\/wordpress\/?s={search_term_string}"},"query-input":{"@type":"PropertyValueSpecification","valueRequired":true,"valueName":"search_term_string"}}],"inLanguage":"de"},{"@type":"Organization","@id":"https:\/\/totaleoffensive-bvb09.de\/wordpress\/#organization","name":"Totale Offensive BVB 09 e.V.","url":"https:\/\/totaleoffensive-bvb09.de\/wordpress\/","logo":{"@type":"ImageObject","inLanguage":"de","@id":"https:\/\/totaleoffensive-bvb09.de\/wordpress\/#\/schema\/logo\/image\/","url":"https:\/\/i0.wp.com\/totaleoffensive-bvb09.de\/wordpress\/wp-content\/uploads\/2025\/06\/to-dortmund_logoFahne220811klein-1-1-scaled.jpg?fit=2560%2C1920&ssl=1","contentUrl":"https:\/\/i0.wp.com\/totaleoffensive-bvb09.de\/wordpress\/wp-content\/uploads\/2025\/06\/to-dortmund_logoFahne220811klein-1-1-scaled.jpg?fit=2560%2C1920&ssl=1","width":2560,"height":1920,"caption":"Totale Offensive BVB 09 e.V."},"image":{"@id":"https:\/\/totaleoffensive-bvb09.de\/wordpress\/#\/schema\/logo\/image\/"},"sameAs":["https:\/\/www.facebook.com\/tobvb","https:\/\/x.com\/TO_BVB","https:\/\/www.whatsapp.com\/channel\/0029VazcYec8V0tmZtS9TP3P"]}]}},"jetpack_sharing_enabled":true,"_links":{"self":[{"href":"https:\/\/totaleoffensive-bvb09.de\/wordpress\/index.php\/wp-json\/wp\/v2\/pages\/3","targetHints":{"allow":["GET"]}}],"collection":[{"href":"https:\/\/totaleoffensive-bvb09.de\/wordpress\/index.php\/wp-json\/wp\/v2\/pages"}],"about":[{"href":"https:\/\/totaleoffensive-bvb09.de\/wordpress\/index.php\/wp-json\/wp\/v2\/types\/page"}],"author":[{"embeddable":true,"href":"https:\/\/totaleoffensive-bvb09.de\/wordpress\/index.php\/wp-json\/wp\/v2\/users\/1"}],"replies":[{"embeddable":true,"href":"https:\/\/totaleoffensive-bvb09.de\/wordpress\/index.php\/wp-json\/wp\/v2\/comments?post=3"}],"version-history":[{"count":12,"href":"https:\/\/totaleoffensive-bvb09.de\/wordpress\/index.php\/wp-json\/wp\/v2\/pages\/3\/revisions"}],"predecessor-version":[{"id":153,"href":"https:\/\/totaleoffensive-bvb09.de\/wordpress\/index.php\/wp-json\/wp\/v2\/pages\/3\/revisions\/153"}],"wp:attachment":[{"href":"https:\/\/totaleoffensive-bvb09.de\/wordpress\/index.php\/wp-json\/wp\/v2\/media?parent=3"}],"curies":[{"name":"wp","href":"https:\/\/api.w.org\/{rel}","templated":true}]}}