{"id":89,"date":"2025-06-18T17:51:38","date_gmt":"2025-06-18T17:51:38","guid":{"rendered":"https:\/\/totaleoffensive-bvb09.de\/wordpress\/?page_id=89"},"modified":"2025-06-21T13:04:25","modified_gmt":"2025-06-21T13:04:25","slug":"impressum","status":"publish","type":"page","link":"https:\/\/totaleoffensive-bvb09.de\/wordpress\/index.php\/impressum\/","title":{"rendered":"Impressum"},"content":{"rendered":"\n<hr class=\"wp-block-separator has-alpha-channel-opacity\"\/>\n\n\n\n<p class=\"has-text-align-center is-style-text-annotation has-accent-6-background-color has-background is-style-text-annotation--1\"><strong>Totale Offensive BVB 09 e.V.<\/strong> , Hirtenstr. 2, 44145 Dortmund<\/p>\n\n\n\n<p class=\"has-text-align-center is-style-text-annotation has-accent-6-background-color has-background has-small-font-size is-style-text-annotation--2\">Postanschrift: <strong>Totale Offensive BVB 09 e.V.<br><\/strong>c\/o Dirk Haslinde, Swolinskystr. 9, 58135 Hagen<\/p>\n\n\n\n<p class=\"has-text-align-center is-style-text-annotation has-accent-6-background-color has-background has-small-font-size is-style-text-annotation--3\"><a href=\"mailto:mail@to-bvb.de?subject=TO Anfrage\">mail(\u00e4t)to-bvb.de<\/a><\/p>\n\n\n\n<p class=\"has-text-align-center is-style-text-annotation has-accent-6-background-color has-background has-small-font-size is-style-text-annotation--4\"><a href=\"http:\/\/www.to-bvb.de\">www.to-bvb.de<\/a><\/p>\n\n\n\n<p class=\"has-text-align-center is-style-text-annotation has-accent-6-background-color has-background has-small-font-size is-style-text-annotation--5\"><strong>Vorstand<\/strong>: Dirk Haslinde, Oliver R\u00f6mer, Addi Kraushaar<\/p>\n\n\n\n<p class=\"has-text-align-center is-style-text-annotation has-accent-6-background-color has-background has-small-font-size is-style-text-annotation--6\"><strong>Vereinsregister:<\/strong> VR 6319 Amtsgericht Dortmund<\/p>\n\n\n\n<p class=\"has-text-align-center is-style-text-annotation has-accent-6-background-color has-background has-small-font-size is-style-text-annotation--7\">Kontoverbindung: DE51452604750015349600&nbsp; bei der SKB<\/p>\n\n\n\n<p class=\"has-text-align-center is-style-text-annotation has-accent-6-background-color has-background has-small-font-size is-style-text-annotation--8\"><strong>Verantwortlich f\u00fcr Inhalt<\/strong>: Oliver R\u00f6mer&nbsp;<\/p>\n\n\n\n<p class=\"has-text-align-center is-style-text-annotation has-accent-6-background-color has-background has-small-font-size is-style-text-annotation--9\"><strong>Haftungsausschluss<\/strong>: <strong>Totale Offensive BVB 09 e.V. <\/strong>\u00fcbernimmt keine Verantwortung f\u00fcr die Inhalte verlinkter Seiten<\/p>\n\n\n\n<hr class=\"wp-block-separator has-alpha-channel-opacity\"\/>\n","protected":false},"excerpt":{"rendered":"<p>Totale Offensive BVB 09 e.V. , Hirtenstr. 2, 44145 Dortmund Postanschrift: Totale Offensive BVB 09 e.V.c\/o Dirk Haslinde, Swolinskystr. 9, 58135 Hagen mail(\u00e4t)to-bvb.de www.to-bvb.de Vorstand: Dirk Haslinde, Oliver R\u00f6mer, Addi Kraushaar Vereinsregister: VR 6319 Amtsgericht Dortmund Kontoverbindung: DE51452604750015349600&nbsp; bei der SKB Verantwortlich f\u00fcr Inhalt: Oliver R\u00f6mer&nbsp; Haftungsausschluss: Totale Offensive BVB 09 e.V. \u00fcbernimmt keine Verantwortung [&hellip;]<\/p>\n","protected":false},"author":1,"featured_media":111,"parent":0,"menu_order":0,"comment_status":"closed","ping_status":"closed","template":"","meta":{"footnotes":""},"class_list":["post-89","page","type-page","status-publish","has-post-thumbnail","hentry"],"yoast_head":"<!-- This site is optimized with the Yoast SEO plugin v27.3 - https:\/\/yoast.com\/product\/yoast-seo-wordpress\/ -->\n<title>Impressum - Totale Offensive BVB 09 e.V.<\/title>\n<meta name=\"robots\" content=\"index, follow, max-snippet:-1, max-image-preview:large, max-video-preview:-1\" \/>\n<link rel=\"canonical\" href=\"https:\/\/totaleoffensive-bvb09.de\/wordpress\/index.php\/impressum\/\" \/>\n<meta property=\"og:locale\" content=\"de_DE\" \/>\n<meta property=\"og:type\" content=\"article\" \/>\n<meta property=\"og:title\" content=\"Impressum - Totale Offensive BVB 09 e.V.\" \/>\n<meta property=\"og:description\" content=\"Totale Offensive BVB 09 e.V. , Hirtenstr. 2, 44145 Dortmund Postanschrift: Totale Offensive BVB 09 e.V.c\/o Dirk Haslinde, Swolinskystr. 9, 58135 Hagen mail(\u00e4t)to-bvb.de www.to-bvb.de Vorstand: Dirk Haslinde, Oliver R\u00f6mer, Addi Kraushaar Vereinsregister: VR 6319 Amtsgericht Dortmund Kontoverbindung: DE51452604750015349600&nbsp; bei der SKB Verantwortlich f\u00fcr Inhalt: Oliver R\u00f6mer&nbsp; Haftungsausschluss: Totale Offensive BVB 09 e.V. \u00fcbernimmt keine Verantwortung [&hellip;]\" \/>\n<meta property=\"og:url\" content=\"https:\/\/totaleoffensive-bvb09.de\/wordpress\/index.php\/impressum\/\" \/>\n<meta property=\"og:site_name\" content=\"Totale Offensive BVB 09 e.V.\" \/>\n<meta property=\"article:publisher\" content=\"https:\/\/www.facebook.com\/tobvb\" \/>\n<meta property=\"article:modified_time\" content=\"2025-06-21T13:04:25+00:00\" \/>\n<meta property=\"og:image\" content=\"https:\/\/totaleoffensive-bvb09.de\/wordpress\/wp-content\/uploads\/2025\/06\/IMG_20230527_152357-EDIT-2-scaled.jpg\" \/>\n\t<meta property=\"og:image:width\" content=\"2560\" \/>\n\t<meta property=\"og:image:height\" content=\"1443\" \/>\n\t<meta property=\"og:image:type\" content=\"image\/jpeg\" \/>\n<meta name=\"twitter:card\" content=\"summary_large_image\" \/>\n<meta name=\"twitter:site\" content=\"@TO_BVB\" \/>\n<meta name=\"twitter:label1\" content=\"Gesch\u00e4tzte Lesezeit\" \/>\n\t<meta name=\"twitter:data1\" content=\"1\u00a0Minute\" \/>\n<script type=\"application\/ld+json\" class=\"yoast-schema-graph\">{\"@context\":\"https:\\\/\\\/schema.org\",\"@graph\":[{\"@type\":\"WebPage\",\"@id\":\"https:\\\/\\\/totaleoffensive-bvb09.de\\\/wordpress\\\/index.php\\\/impressum\\\/\",\"url\":\"https:\\\/\\\/totaleoffensive-bvb09.de\\\/wordpress\\\/index.php\\\/impressum\\\/\",\"name\":\"Impressum - Totale Offensive BVB 09 e.V.\",\"isPartOf\":{\"@id\":\"https:\\\/\\\/totaleoffensive-bvb09.de\\\/wordpress\\\/#website\"},\"primaryImageOfPage\":{\"@id\":\"https:\\\/\\\/totaleoffensive-bvb09.de\\\/wordpress\\\/index.php\\\/impressum\\\/#primaryimage\"},\"image\":{\"@id\":\"https:\\\/\\\/totaleoffensive-bvb09.de\\\/wordpress\\\/index.php\\\/impressum\\\/#primaryimage\"},\"thumbnailUrl\":\"https:\\\/\\\/totaleoffensive-bvb09.de\\\/wordpress\\\/wp-content\\\/uploads\\\/2025\\\/06\\\/IMG_20230527_152357-EDIT-2-scaled.jpg\",\"datePublished\":\"2025-06-18T17:51:38+00:00\",\"dateModified\":\"2025-06-21T13:04:25+00:00\",\"breadcrumb\":{\"@id\":\"https:\\\/\\\/totaleoffensive-bvb09.de\\\/wordpress\\\/index.php\\\/impressum\\\/#breadcrumb\"},\"inLanguage\":\"de\",\"potentialAction\":[{\"@type\":\"ReadAction\",\"target\":[\"https:\\\/\\\/totaleoffensive-bvb09.de\\\/wordpress\\\/index.php\\\/impressum\\\/\"]}]},{\"@type\":\"ImageObject\",\"inLanguage\":\"de\",\"@id\":\"https:\\\/\\\/totaleoffensive-bvb09.de\\\/wordpress\\\/index.php\\\/impressum\\\/#primaryimage\",\"url\":\"https:\\\/\\\/totaleoffensive-bvb09.de\\\/wordpress\\\/wp-content\\\/uploads\\\/2025\\\/06\\\/IMG_20230527_152357-EDIT-2-scaled.jpg\",\"contentUrl\":\"https:\\\/\\\/totaleoffensive-bvb09.de\\\/wordpress\\\/wp-content\\\/uploads\\\/2025\\\/06\\\/IMG_20230527_152357-EDIT-2-scaled.jpg\",\"width\":2560,\"height\":1443},{\"@type\":\"BreadcrumbList\",\"@id\":\"https:\\\/\\\/totaleoffensive-bvb09.de\\\/wordpress\\\/index.php\\\/impressum\\\/#breadcrumb\",\"itemListElement\":[{\"@type\":\"ListItem\",\"position\":1,\"name\":\"Startseite\",\"item\":\"https:\\\/\\\/totaleoffensive-bvb09.de\\\/wordpress\\\/\"},{\"@type\":\"ListItem\",\"position\":2,\"name\":\"Impressum\"}]},{\"@type\":\"WebSite\",\"@id\":\"https:\\\/\\\/totaleoffensive-bvb09.de\\\/wordpress\\\/#website\",\"url\":\"https:\\\/\\\/totaleoffensive-bvb09.de\\\/wordpress\\\/\",\"name\":\"Totale Offensive BVB 09 e.V.\",\"description\":\"christlicher Fanclub von Borussia Dortmund, fussball, christlich, fanclub, bvb 09, lebenshilfe, kostenlose \u00dcbertragung der BVB Spiele auf Gro\u00dfleinwand, familiengerecht, kein Alkoholausschank, gemeinsame Ausw\u00e4rtsfahrten\",\"publisher\":{\"@id\":\"https:\\\/\\\/totaleoffensive-bvb09.de\\\/wordpress\\\/#organization\"},\"potentialAction\":[{\"@type\":\"SearchAction\",\"target\":{\"@type\":\"EntryPoint\",\"urlTemplate\":\"https:\\\/\\\/totaleoffensive-bvb09.de\\\/wordpress\\\/?s={search_term_string}\"},\"query-input\":{\"@type\":\"PropertyValueSpecification\",\"valueRequired\":true,\"valueName\":\"search_term_string\"}}],\"inLanguage\":\"de\"},{\"@type\":\"Organization\",\"@id\":\"https:\\\/\\\/totaleoffensive-bvb09.de\\\/wordpress\\\/#organization\",\"name\":\"Totale Offensive BVB 09 e.V.\",\"url\":\"https:\\\/\\\/totaleoffensive-bvb09.de\\\/wordpress\\\/\",\"logo\":{\"@type\":\"ImageObject\",\"inLanguage\":\"de\",\"@id\":\"https:\\\/\\\/totaleoffensive-bvb09.de\\\/wordpress\\\/#\\\/schema\\\/logo\\\/image\\\/\",\"url\":\"https:\\\/\\\/i0.wp.com\\\/totaleoffensive-bvb09.de\\\/wordpress\\\/wp-content\\\/uploads\\\/2025\\\/06\\\/to-dortmund_logoFahne220811klein-1-1-scaled.jpg?fit=2560%2C1920&ssl=1\",\"contentUrl\":\"https:\\\/\\\/i0.wp.com\\\/totaleoffensive-bvb09.de\\\/wordpress\\\/wp-content\\\/uploads\\\/2025\\\/06\\\/to-dortmund_logoFahne220811klein-1-1-scaled.jpg?fit=2560%2C1920&ssl=1\",\"width\":2560,\"height\":1920,\"caption\":\"Totale Offensive BVB 09 e.V.\"},\"image\":{\"@id\":\"https:\\\/\\\/totaleoffensive-bvb09.de\\\/wordpress\\\/#\\\/schema\\\/logo\\\/image\\\/\"},\"sameAs\":[\"https:\\\/\\\/www.facebook.com\\\/tobvb\",\"https:\\\/\\\/x.com\\\/TO_BVB\",\"https:\\\/\\\/www.whatsapp.com\\\/channel\\\/0029VazcYec8V0tmZtS9TP3P\"]}]}<\/script>\n<!-- \/ Yoast SEO plugin. -->","yoast_head_json":{"title":"Impressum - Totale Offensive BVB 09 e.V.","robots":{"index":"index","follow":"follow","max-snippet":"max-snippet:-1","max-image-preview":"max-image-preview:large","max-video-preview":"max-video-preview:-1"},"canonical":"https:\/\/totaleoffensive-bvb09.de\/wordpress\/index.php\/impressum\/","og_locale":"de_DE","og_type":"article","og_title":"Impressum - Totale Offensive BVB 09 e.V.","og_description":"Totale Offensive BVB 09 e.V. , Hirtenstr. 2, 44145 Dortmund Postanschrift: Totale Offensive BVB 09 e.V.c\/o Dirk Haslinde, Swolinskystr. 9, 58135 Hagen mail(\u00e4t)to-bvb.de www.to-bvb.de Vorstand: Dirk Haslinde, Oliver R\u00f6mer, Addi Kraushaar Vereinsregister: VR 6319 Amtsgericht Dortmund Kontoverbindung: DE51452604750015349600&nbsp; bei der SKB Verantwortlich f\u00fcr Inhalt: Oliver R\u00f6mer&nbsp; Haftungsausschluss: Totale Offensive BVB 09 e.V. \u00fcbernimmt keine Verantwortung [&hellip;]","og_url":"https:\/\/totaleoffensive-bvb09.de\/wordpress\/index.php\/impressum\/","og_site_name":"Totale Offensive BVB 09 e.V.","article_publisher":"https:\/\/www.facebook.com\/tobvb","article_modified_time":"2025-06-21T13:04:25+00:00","og_image":[{"width":2560,"height":1443,"url":"https:\/\/totaleoffensive-bvb09.de\/wordpress\/wp-content\/uploads\/2025\/06\/IMG_20230527_152357-EDIT-2-scaled.jpg","type":"image\/jpeg"}],"twitter_card":"summary_large_image","twitter_site":"@TO_BVB","twitter_misc":{"Gesch\u00e4tzte Lesezeit":"1\u00a0Minute"},"schema":{"@context":"https:\/\/schema.org","@graph":[{"@type":"WebPage","@id":"https:\/\/totaleoffensive-bvb09.de\/wordpress\/index.php\/impressum\/","url":"https:\/\/totaleoffensive-bvb09.de\/wordpress\/index.php\/impressum\/","name":"Impressum - Totale Offensive BVB 09 e.V.","isPartOf":{"@id":"https:\/\/totaleoffensive-bvb09.de\/wordpress\/#website"},"primaryImageOfPage":{"@id":"https:\/\/totaleoffensive-bvb09.de\/wordpress\/index.php\/impressum\/#primaryimage"},"image":{"@id":"https:\/\/totaleoffensive-bvb09.de\/wordpress\/index.php\/impressum\/#primaryimage"},"thumbnailUrl":"https:\/\/totaleoffensive-bvb09.de\/wordpress\/wp-content\/uploads\/2025\/06\/IMG_20230527_152357-EDIT-2-scaled.jpg","datePublished":"2025-06-18T17:51:38+00:00","dateModified":"2025-06-21T13:04:25+00:00","breadcrumb":{"@id":"https:\/\/totaleoffensive-bvb09.de\/wordpress\/index.php\/impressum\/#breadcrumb"},"inLanguage":"de","potentialAction":[{"@type":"ReadAction","target":["https:\/\/totaleoffensive-bvb09.de\/wordpress\/index.php\/impressum\/"]}]},{"@type":"ImageObject","inLanguage":"de","@id":"https:\/\/totaleoffensive-bvb09.de\/wordpress\/index.php\/impressum\/#primaryimage","url":"https:\/\/totaleoffensive-bvb09.de\/wordpress\/wp-content\/uploads\/2025\/06\/IMG_20230527_152357-EDIT-2-scaled.jpg","contentUrl":"https:\/\/totaleoffensive-bvb09.de\/wordpress\/wp-content\/uploads\/2025\/06\/IMG_20230527_152357-EDIT-2-scaled.jpg","width":2560,"height":1443},{"@type":"BreadcrumbList","@id":"https:\/\/totaleoffensive-bvb09.de\/wordpress\/index.php\/impressum\/#breadcrumb","itemListElement":[{"@type":"ListItem","position":1,"name":"Startseite","item":"https:\/\/totaleoffensive-bvb09.de\/wordpress\/"},{"@type":"ListItem","position":2,"name":"Impressum"}]},{"@type":"WebSite","@id":"https:\/\/totaleoffensive-bvb09.de\/wordpress\/#website","url":"https:\/\/totaleoffensive-bvb09.de\/wordpress\/","name":"Totale Offensive BVB 09 e.V.","description":"christlicher Fanclub von Borussia Dortmund, fussball, christlich, fanclub, bvb 09, lebenshilfe, kostenlose \u00dcbertragung der BVB Spiele auf Gro\u00dfleinwand, familiengerecht, kein Alkoholausschank, gemeinsame Ausw\u00e4rtsfahrten","publisher":{"@id":"https:\/\/totaleoffensive-bvb09.de\/wordpress\/#organization"},"potentialAction":[{"@type":"SearchAction","target":{"@type":"EntryPoint","urlTemplate":"https:\/\/totaleoffensive-bvb09.de\/wordpress\/?s={search_term_string}"},"query-input":{"@type":"PropertyValueSpecification","valueRequired":true,"valueName":"search_term_string"}}],"inLanguage":"de"},{"@type":"Organization","@id":"https:\/\/totaleoffensive-bvb09.de\/wordpress\/#organization","name":"Totale Offensive BVB 09 e.V.","url":"https:\/\/totaleoffensive-bvb09.de\/wordpress\/","logo":{"@type":"ImageObject","inLanguage":"de","@id":"https:\/\/totaleoffensive-bvb09.de\/wordpress\/#\/schema\/logo\/image\/","url":"https:\/\/i0.wp.com\/totaleoffensive-bvb09.de\/wordpress\/wp-content\/uploads\/2025\/06\/to-dortmund_logoFahne220811klein-1-1-scaled.jpg?fit=2560%2C1920&ssl=1","contentUrl":"https:\/\/i0.wp.com\/totaleoffensive-bvb09.de\/wordpress\/wp-content\/uploads\/2025\/06\/to-dortmund_logoFahne220811klein-1-1-scaled.jpg?fit=2560%2C1920&ssl=1","width":2560,"height":1920,"caption":"Totale Offensive BVB 09 e.V."},"image":{"@id":"https:\/\/totaleoffensive-bvb09.de\/wordpress\/#\/schema\/logo\/image\/"},"sameAs":["https:\/\/www.facebook.com\/tobvb","https:\/\/x.com\/TO_BVB","https:\/\/www.whatsapp.com\/channel\/0029VazcYec8V0tmZtS9TP3P"]}]}},"jetpack_sharing_enabled":true,"_links":{"self":[{"href":"https:\/\/totaleoffensive-bvb09.de\/wordpress\/index.php\/wp-json\/wp\/v2\/pages\/89","targetHints":{"allow":["GET"]}}],"collection":[{"href":"https:\/\/totaleoffensive-bvb09.de\/wordpress\/index.php\/wp-json\/wp\/v2\/pages"}],"about":[{"href":"https:\/\/totaleoffensive-bvb09.de\/wordpress\/index.php\/wp-json\/wp\/v2\/types\/page"}],"author":[{"embeddable":true,"href":"https:\/\/totaleoffensive-bvb09.de\/wordpress\/index.php\/wp-json\/wp\/v2\/users\/1"}],"replies":[{"embeddable":true,"href":"https:\/\/totaleoffensive-bvb09.de\/wordpress\/index.php\/wp-json\/wp\/v2\/comments?post=89"}],"version-history":[{"count":5,"href":"https:\/\/totaleoffensive-bvb09.de\/wordpress\/index.php\/wp-json\/wp\/v2\/pages\/89\/revisions"}],"predecessor-version":[{"id":159,"href":"https:\/\/totaleoffensive-bvb09.de\/wordpress\/index.php\/wp-json\/wp\/v2\/pages\/89\/revisions\/159"}],"wp:featuredmedia":[{"embeddable":true,"href":"https:\/\/totaleoffensive-bvb09.de\/wordpress\/index.php\/wp-json\/wp\/v2\/media\/111"}],"wp:attachment":[{"href":"https:\/\/totaleoffensive-bvb09.de\/wordpress\/index.php\/wp-json\/wp\/v2\/media?parent=89"}],"curies":[{"name":"wp","href":"https:\/\/api.w.org\/{rel}","templated":true}]}}